427*c + 6. Suppose -17*u + 13*u + 24 = 0. Let m be r(u). Let k = -1355 + m. Is k a prime number?
True
Is ((-9097336)/30)/(-4) + 324/(-2430) a composite number?
True
Suppose -225 = -4*h + 351. Is 1 + 2 - (-6*h + -2) prime?
False
Suppose -83*m = -84*m + 47749. Is m prime?
False
Suppose -3*j + 18 = -0. Let r be 5/((-10)/j) + 2. Is 2 + -1 - (446/r + 4) prime?
True
Let n(m) = 649*m**3 + m**2 - 4. Let o be n(-2). Let i = 11131 + o. Is i prime?
True
Let t(n) = n**3 + 2*n**2 - 2. Let u be t(1). Let f(w) = 2 - 6*w + 1 + u. Is f(-5) prime?
False
Suppose b - x = 11555, -31*x = -3*b - 32*x + 34685. Suppose 0 = 5*h - 2*m - 28879, 6*h = 4*h - 2*m + b. Is h a composite number?
True
Let t = 81910 - 35967. Is t a prime number?
True
Let x(g) = 98*g**2 - 56*g + 343. Is x(-71) a prime number?
False
Let r = 228024 - 111853. Suppose -17*p + r = -6*p. Is p a composite number?
True
Let y(f) = -349*f**2 + 4*f + 4. Let w be y(-1). Let u = 540 - w. Let k = 3611 - u. Is k prime?
False
Suppose w + 2*z = 155917, -w + 4006 + 151909 = 3*z. Is w a prime number?
True
Suppose -33*v = -31*v + 228. Let m = v - -119. Suppose 1456 = 2*w + 3*l - 3600, m*l = w - 2541. Is w a prime number?
True
Let f = 156 - 83. Let w = f - 69. Suppose 3*g - w*m - 1877 = 0, 0 = -g - 2*m - 3*m + 613. Is g prime?
False
Let r be (-4 - (-3 - -1)) + 0. Let d be (-105)/6 + 1/r. Is (-11030)/d + (-50)/(-225) composite?
False
Suppose 5*x - 1034411 = -2*g, -2*g + 620653 = -16*x + 19*x. Is x a prime number?
True
Suppose -7*b - c - 160 = -8*b, 5*c = 2*b - 323. Suppose 5*d = 4*p - b - 49, 5*p = -d - 59. Is (-498)/12*(-3)/((-6)/d) a prime number?
False
Let g = 95256 + -30509. Is g prime?
True
Suppose -1958 - 4187 = -5*x. Let t be ((7 - 0) + -2)/1. Suppose 0 = -t*g + x + 1926. Is g prime?
True
Let k(p) be the second derivative of 0 - 7*p - 9/2*p**2 + 101/6*p**3. Is k(8) prime?
False
Suppose 5*k = -2*t - 12, -10*k - 16 = -6*k. Suppose -4*m = -t*w - 14584, 3*m + w - 5424 = 5526. Is m prime?
False
Suppose -v + 1068656 = 3*n, -1132*n + 1133*n - v = 356220. Is n prime?
True
Suppose -10168 = -13*y + 215551. Is y prime?
False
Suppose 5*h - 37 = 3*v, 5*h + 2*v + 1 - 18 = 0. Suppose -3685 = -16*w + h*w. Is w composite?
True
Suppose 2*j - h - 126 = 0, 4*h - 78 - 38 = -2*j. Is (j/(-6) + -2)/(41/(-4551)) a composite number?
True
Suppose 108019 + 31013 = 104*m - 105056. Suppose 3*w = -3*x + 15018, -x + 3*w + 3101 = -1897. Let f = x - m. Is f a composite number?
False
Let u(s) = -2315*s - 34. Is u(-13) a composite number?
True
Let m = -389288 - -590595. Is m a composite number?
False
Let q(w) be the third derivative of 225*w**5/4 + w**4/24 - w**3/6 + w**2 - 2. Is q(2) a composite number?
True
Suppose 25*d - 2*d = 10*d + 118651. Is d a prime number?
True
Let h be (-6)/4*(-128)/(-48). Let j be (-4531 + h)*(-3)/5. Suppose -j = -o - 2*o. Is o prime?
True
Let k(r) = 5*r**2 + 75. Let n be k(34). Suppose -2*p - n = -9*b + 4*b, 2363 = 2*b - 5*p. Is b composite?
True
Let n = 225 - 219. Suppose n*x - 3674 = 16444. Is x composite?
True
Suppose y = 7*y + y. Suppose -4*m + 164458 + 53626 = y. Is m a prime number?
True
Let w = -146508 - -212285. Is w prime?
True
Let t = -274 + 281. Is 2412 - ((-64)/(-8) - t) a composite number?
False
Suppose w = -5*b + 3*w + 303653, -5*w + 5 = 0. Is b a composite number?
True
Suppose -10*k = -66 + 26. Suppose 5*q + 24576 = k*o, o + 0*o - 6127 = -3*q. Is o a composite number?
True
Let i be (-130)/(-52)*(-2)/(-1). Suppose -3*w + i*d + 9131 = 0, 0*d = 5*w - 5*d - 15225. Is w composite?
True
Let h be ((-1858)/4)/((-1)/2). Suppose -6349 = -6*j + h. Is j prime?
True
Let p(s) = s**3 + 2*s**2 + 2*s + 6. Let u be p(-3). Is 2*((-56475)/10)/u a prime number?
False
Suppose 3 = -3*y, -4*y + 42810 = 4*z - 41906. Suppose -3*h = -3*b - z, 6*h - 4*b = 8*h - 14108. Is h a composite number?
True
Let u = 571236 - 398069. Is u prime?
False
Is 6139420/56*(-32)/(-80) a composite number?
False
Suppose 0 = -7*y + 38137 + 19207. Is y/9 - 26/117 - 3 composite?
False
Suppose -33*d = -3*s - 38*d + 800728, 0 = -3*s + 4*d + 800737. Is s composite?
True
Let i(k) = 35235*k**2 + 14*k + 2. Is i(1) prime?
True
Suppose 5*s + 3*o - 400355 = 0, 32*s + 5*o - 160142 = 30*s. Is s prime?
True
Let a = -12 + 15. Suppose -10*c + 50907 = -80563. Suppose 0 = -a*j + 4*z + c, -z + 21904 = 4*j + j. Is j composite?
True
Let c = 205 - 200. Is (c/4)/((-8)/(-992)) composite?
True
Suppose -4*g = 2*n - 8*g - 136884, 2*n = -4*g + 136900. Suppose 14*w - n = -0*w. Is w composite?
False
Let c(t) be the second derivative of -497*t**3/6 + 37*t**2/2 - 141*t. Is c(-14) a prime number?
False
Let r be (52/(-65))/(2/(-5)). Suppose 5*o = 4*j - 195, -r*j - 3*o + 4*o + 93 = 0. Suppose 12 = 3*y - j. Is y a composite number?
False
Let t = 809 + -446. Suppose -2*f = -5*f + t. Is f composite?
True
Let k(f) be the second derivative of 91*f**4/12 + 4*f**3/3 + 53*f**2/2 - 4*f + 23. Is k(10) prime?
False
Let q = -400990 + 561839. Is q a prime number?
False
Suppose -2*u + 5*v + 43 - 2 = 0, 78 = 3*u - 2*v. Let p = 28 - u. Suppose p = -24*w + 29*w - 14695. Is w composite?
False
Let u(b) = 74*b - 143. Let a be u(2). Suppose -a*s = 3*l - 3*s - 26759, l + s - 8918 = 0. Is l prime?
True
Let j(b) = b**2 + 8*b - 7. Let f be j(6). Let v = 2343 + -190. Suppose 78*d = f*d + v. Is d prime?
True
Suppose 0*k = -8*k. Suppose k*b + 2 = n + 5*b, 4*n - 8 = 5*b. Suppose 0 = -2*t - 6, n*c - 5*t - 7043 = -2*c. Is c a composite number?
True
Let h(q) = 152*q**2 - 8*q - 68. Let c(z) = -228*z**2 + 13*z + 102. Let x(g) = 5*c(g) + 8*h(g). Is x(-9) composite?
False
Let c be 5/((-5)/(-6))*1. Suppose -5*w - 6082 = -m, -2*w + c*w + 5*m = -4883. Let a = 618 - w. Is a a composite number?
True
Let t = 206154 - 137291. Is t composite?
False
Let j = 476916 + -271728. Suppose -27*z + 53661 + j = 0. Is z a prime number?
True
Let h = -75 - -128. Is h + -48 + (1 - -4103) composite?
True
Is 25/(-20)*(-5034736)/20 a prime number?
False
Suppose 26028741 + 22515734 - 2797137 = 91*z. Is z a prime number?
False
Suppose 3*j - y = 247184 - 45440, -4*y + 268976 = 4*j. Is j a composite number?
False
Is 283811*(-10)/(-3 - 7) prime?
False
Suppose -2957478 = -681*b + 679*b + 2*s, -3*b - s + 4436209 = 0. Is b a composite number?
True
Let l(d) = 128 + d**2 - 271 + 2*d + 0*d + 130 - 27*d**3. Is l(-5) a composite number?
True
Let o = 2063 - 968. Suppose c + 5819 = 5*a, 3*a - 2401 - o = -4*c. Suppose -8*i = -4*i - a. Is i a composite number?
True
Let z be ((-10876)/6)/(2 + (-924)/459). Suppose 8990 = -11*d + z. Is d a composite number?
False
Suppose -111310 = -5*n - 34*f + 38*f, 6*n + 5*f = 133572. Is n a prime number?
False
Let u(o) = 510*o**2 - 99*o - 1232. Is u(-39) a composite number?
True
Let z(g) = 155*g**2 + 70*g - 127. Is z(-30) a prime number?
True
Let c = 837 + -893. Is (-2 - -6)*(-140098)/c prime?
True
Suppose 0 = -5*d - 5*j + 8*j - 3872, 3840 = -5*d - 5*j. Suppose 4483 = -3*c + c - 5*z, -3*z = c + 2240. Let l = d - c. Is l a composite number?
True
Let k = -2206 + 1187. Let q = 2012 + k. Suppose -3*v + 4*v - q = 0. Is v prime?
False
Suppose -5*n = -33 - 7. Let g(q) = 36*q**2 + 161*q + 1. Let i(p) = 108*p**2 + 447*p + 2. Let d(z) = -11*g(z) + 4*i(z). Is d(n) composite?
False
Let p(d) = -3*d + 4. Let c be p(1). Let i be (4 + c)*(-5)/(-10)*242. Is (-1 - (5 - i))*1 a composite number?
False
Suppose -7522*g + 7523*g = 407471. Is g prime?
True
Suppose 0 = -3*m - 4*s - 0*s - 5, 3*s = 5*m - 40. Suppose -m*q + 0*q = -25. Suppose -q*n = -f - 1539, 2*f = 3*n - 916 - 13. Is n composite?
False
Let y(o) = 757*o**2 - 183*o + 2169. Is y(11) a composite number?
False
Suppose -4*j = -2*i + 24, -2*j + 12 = -5*j. Is ((-8641)/i)/(-5*(-1)/(-20)) a composite number?
False
Let i = -90 - -92. Suppose -i*g - 4*o = g - 15535, 3*o - 12 = 0. Is g prime?
False
Suppose -29*k = -9*k + 19*k - 21451209. Is k prime?
False
Suppose -3*f - 212 = -2054. Let q(k) = -6*k**2 - 6*k + 3. Let m be q(4). Let i = f + m. Is i composite?
True
Suppose -2*z + 9*r = 8*r - 15977, -r = 2*z - 15971. Suppose o - 1601 = -2*v, -5*o + v - 2*v = -z. Is o composite?
False
Let t(m) = 67*m - 41*m**2 + 43 - 3*m**3 - 56*m - 92. Is t(-24) a composite number?
True
Suppose 415*n - 388*n = 1089261. Is n a prime number?
True
Suppose -7*f + 11*f - 3*c = 691402, -345702 = -2*f + 2*c. Is f a prime num